(base 12) to base 9.
1
0 (base 13) to base 2
0
29 (base 16) to base 15
2b
What is 3 (base 14) in base 13?
3
-101 (base 6) to base 11
-34
Convert -102 (base 11) to base 3.
-11120
-1 (base 7) to base 13
-1
46 (base 7) to base 13
28
Convert c (base 15) to base 16.
c
3 (base 12) to base 11
3
Convert -1a (base 16) to base 13.
-20
What is 3 (base 16) in base 8?
3
What is -33 (base 11) in base 13?
-2a
Convert 6 (base 9) to base 6.
10
1 (base 13) to base 4
1
206 (base 7) to base 6
252
What is -7 (base 16) in base 11?
-7
What is -1 (base 8) in base 9?
-1
Convert -105 (base 7) to base 16.
-36
What is 68 (base 14) in base 6?
232
Convert 5a (base 12) to base 3.
2121
What is -19 (base 14) in base 15?
-18
What is -2 (base 10) in base 16?
-2
-20 (base 3) to base 7
-6
Convert -42 (base 9) to base 2.
-100110
Convert -9 (base 14) to base 16.
-9
What is 2 (base 12) in base 11?
2
Convert -4 (base 12) to base 14.
-4
-1 (base 16) to base 13
-1
What is -43 (base 8) in base 9?
-38
7 (base 9) to base 2
111
What is -30 (base 7) in base 16?
-15
Convert 38 (base 11) to base 8.
51
What is -4 (base 9) in base 7?
-4
Convert 14 (base 6) to base 13.
a
What is -79 (base 12) in base 13?
-72
What is 21 (base 9) in base 10?
19
Convert 76 (base 8) to base 7.
116
What is -5 (base 7) in base 4?
-11
Convert 34 (base 9) to base 8.
37
Convert -8 (base 13) to base 12.
-8
4 (base 5) to base 12
4
43 (base 6) to base 16
1b
-1 (base 9) to base 2
-1
-19 (base 13) to base 3
-211
What is 26 (base 11) in base 5?
103
Convert -157 (base 13) to base 14.
-133
1202 (base 3) to base 2
101111
0 (base 11) to base 9
0
1011 (base 2) to base 13
b
Convert -113 (base 5) to base 9.
-36
-10010110 (base 2) to base 5
-1100
Convert -e (base 16) to base 6.
-22
Convert 24 (base 10) to base 5.
44
Convert 20 (base 7) to base 16.
e
-43 (base 9) to base 10
-39
-1 (base 10) to base 8
-1
Convert -5 (base 8) to base 15.
-5
What is 2 (base 7) in base 6?
2
Convert -c1 (base 16) to base 2.
-11000001
12 (base 10) to base 3
110
Convert 0 (base 8) to base 9.
0
-16 (base 12) to base 7
-24
-28 (base 14) to base 2
-100100
-1 (base 15) to base 9
-1
32 (base 11) to base 15
25
-3 (base 4) to base 7
-3
What is 0 (base 15) in base 11?
0
-144 (base 11) to base 6
-441
5 (base 9) to base 13
5
Convert -261 (base 10) to base 14.
-149
What is -8 (base 11) in base 4?
-20
10 (base 6) to base 3
20
-3122 (base 4) to base 7
-431
What is -1 (base 4) in base 14?
-1
What is 134 (base 10) in base 6?
342
Convert 3 (base 11) to base 10.
3
Convert -16 (base 14) to base 15.
-15
-1 (base 12) to base 2
-1
Convert -162 (base 14) to base 8.
-432
1 (base 5) to base 6
1
What is b (base 13) in base 11?
10
Convert 620 (base 7) to base 4.
10310
3 (base 11) to base 14
3
14 (base 15) to base 2
10011
Convert 1 (base 9) to base 8.
1
Convert 0 (base 11) to base 6.
0
What is 9 (base 12) in base 16?
9
What is 4d (base 16) in base 4?
1031
-1d (base 15) to base 16
-1c
What is 0 (base 11) in base 4?
0
Convert -3 (base 5) to base 4.
-3
-11120 (base 3) to base 15
-83
What is -1 (base 9) in base 7?
-1
What is 13 (base 4) in base 13?
7
-5 (base 6) to base 13
-5
What is 210 (base 6) in base 3?
2220
Convert -2 (base 16) to base 3.
-2
1 (base 11) to base 13
1
6 (base 8) to base 3
20
Convert 16 (base 15) to base 16.
15
-d (base 16) to base 11
-12
-110 (base 7) to base 5
-211
What is 20 (base 8) in base 13?
13
-5 (base 8) to base 4
-11
-401 (base 9) to base 7
-643
What is 26 (base 7) in base 8?
24
Convert -2 (base 11) to base 4.
-2
What is 42 (base 15) in base 3?
2022
What is -21 (base 7) in base 6?
-23
Convert 5 (base 10) to base 9.
5
Convert -2 (base 5) to base 2.
-10
What is 11 (base 5) in base 6?
10
What is 130 (base 4) in base 7?
40
What is -121 (base 3) in base 14?
-12
What is -40 (base 13) in base 8?
-64
What is -341 (base 5) in base 15?
-66
-12 (base 7) to base 8
-11
What is 120 (base 3) in base 15?
10
What is 121 (base 3) in base 7?
22
2 (base 9) to base 16
2
What is 12 (base 9) in base 4?
23
Convert -13 (base 5) to base 4.
-20
Convert -15 (base 14) to base 11.
-18
What is -18 (base 13) in base 6?
-33
9 (base 16) to base 8
11
Convert -2 (base 12) to base 2.
-10
What is 0 (base 10) in base 5?
0
What is -113 (base 15) in base 6?
-1043
Convert 4 (base 6) to base 13.
4
What is 640 (base 7) in base 15?
167
Convert -21 (base 6) to base 16.
-d
1012 (base 5) to base 2
10000100
-1 (base 7) to base 6
-1
-19 (base 14) to base 8
-27
What is 0 (base 13) in base 15?
0
Convert 52 (base 11) to base 8.
71
What is 5 (base 7) in base 15?
5
-9 (base 15) to base 16
-9
17 (base 9) to base 15
11
0 (base 9) to base 16
0
What is -8 (base 13) in base 7?
-11
What is -1 (base 8) in base 9?
-1
-44 (base 11) to base 5
-143
What is -2 (base 10) in base 12?
-2
Convert a (base 15) to base 5.
20
Convert -22 (base 4) to base 5.
-20
Convert -202 (base 5) to base 8.
-64
Convert 3 (base 13) to base 9.
3
What is -13 (base 9) in base 11?
-11
What is 200 (base 3) in base 12?
16
-71 (base 11) to base 15
-53
-212 (base 3) to base 8
-27
-10110110 (base 2) to base 15
-c2
Convert -11 (base 9) to base 2.
-1010
Convert 4 (base 13) to base 16.
4
Convert -133 (base 11) to base 2.
-10011101
Convert -31 (base 4) to base 6.
-21
-41 (base 8) to base 15
-23
6 (base 12) to base 6
10
Convert -12 (base 3) to base 2.
-101
What is 0 (base 7) in base 2?
0
100 (base 2) to base 5
4
5 (base 9) to base 15
5
e (base 16) to base 15
e
Convert -3 (base 10) to base 16.
-3
Convert 4 (base 6) to base 9.
4
What is -1 (base 15) in base 5?
-1
10 (base 3) to base 15
3
500 (base 6) to base 8
264
20 (base 5) to base 10
10
Convert 0 (base 15) to base 4.
0
What is -4 (base 6) in base 5?
-4
Convert 23 (base 7) to base 9.
18
What is -42 (base 9) in base 13?
-2c
What is 199 (base 14) in base 2?
101001011
What is -73 (base 9) in base 16?
-42
2b (base 16) to base 2
101011
-111 (base 15) to base 11
-1aa
What is -11111110 (base 2) in base 5?
-2004
-10 (base 5) to base 8
-5
Convert 249 (base 10) to base 3.
100020
What is -114 (base 12) in base 15?
-aa
0 (base 15) to base 2
0
-25 (base 7) to base 10
-19
Convert 4 (base 16) to base 9.
4
What is -12 (base 6) in base 9?
-8
-6 (base 13) to base 15
-6
1 (base 14) to base 6
1
Convert -20 (base 13) to base 6.
-42
Convert -130 (base 5) to base 13.
-31
Convert 254 (base 6) to base 2.
1101010
-108 (base 9) to base 10
-89
4 (base 13) to base 2
100
71 (base 12) to base 5
320
Convert 41 (base 12) to base 7.
100
111 (base 3) to base 2
1101
Convert 4 (base 9) to base 12.
4
-19c (base 13) to base 12
-20a
Convert -11101 (base 2) to base 9.
-32
What is -4 (base 7) in base 9?
-4
-142 (base 9) to base 7
-230
What is -8 (base 16) in base 3?
-22
2 (base 4) to base 2
10
-3 (base 14) to base 4
-3
Convert -120 (base 3) to base 16.
-f
Convert -12 (base 6) to base 15.
-8
-5 (base 12) to base 7
-5
4 (base 7) to base 14
4
119 (base 10) to base 3
11102
What is 441 (base 8) in base 7?
562
10 (base 2) to base 5
2
Convert 30 (base 9) to base 16.
1b
-301 (base 9) to base 13
-15a
Convert -421 (base 7) to base 5.
-1321
What is 12 (base 10) in base 4?
30
Convert 11 (base 13) to base 5.
24
What is 15 (base 7) in base 8?
14
-43 (base 6) to base 3
-1000
Convert -15 (base 8) to base 6.
-21
What is -34 (base 11) in base 4?
-211
What is 22 (base 3) in base 16?
8
Convert -175 (base 14) to base 9.
-362
What is 99 (base 10) in base 8?
143
What is -10010 (base 2) in base 5?
-33
3 (base 12) to base 7
3
Convert b (base 14) to base 11.
10
What is -1 (base 3) in base 6?
-1
What is -111001 (base 2) in base 10?
-57
-8 (base 13) to base 12
-8
Convert -2 (base 8) to base 13.
-2
10 (base 11) to base 12
b
-30 (base 4) to base 7
-15
What is 222 (base 3) in base 13?
20
What is -71 (base 12) in base 11?
-78
Convert -4 (base 6) to base 4.
-10
What is -2 (base 16) in base 11?
-2
What is 10 (base 4) in base 2?
100
26 (base 9) to base 12
20
Convert -4 (base 5) to base 3.
-11
What is 0 (base 16) in base 8?
0
Convert -8 (base 13) to base 9.
-8
Convert 3 (base 6) to base 16.
3
-1 (base 15) to base 2
-1
Convert 11 (base 2) to base 10.
3
Convert -1 (base 6) to base 14.
-1
Convert -25 (base 10) to base 2.
-11001
What is 1 (base 4) in base 10?
1
What is 15 (base 6) in base 7?
14
What is 136 (base 8) in base 15?
64
What is 196 (base 11) in base 8?
342
Convert -4 (base 9) to 